[INFO] cloning repository https://github.com/Gromimousse/snakyduck
[INFO] running `Command { std: "git" "-c" "credential.helper=" "-c" "credential.helper=/workspace/cargo-home/bin/git-credential-null" "clone" "--bare" "https://github.com/Gromimousse/snakyduck" "/workspace/cache/git-repos/https%3A%2F%2Fgithub.com%2FGromimousse%2Fsnakyduck", kill_on_drop: false }`
[INFO] [stderr] Cloning into bare repository '/workspace/cache/git-repos/https%3A%2F%2Fgithub.com%2FGromimousse%2Fsnakyduck'...
[INFO] running `Command { std: "git" "rev-parse" "HEAD", kill_on_drop: false }`
[INFO] [stdout] 4c9b0e892e6b7cc3b7ac3622571237c8880c4379
[INFO] building Gromimousse/snakyduck against master#881c1ac408d93bb7adaa3a51dabab9266e82eee8 for issue-85264
[INFO] running `Command { std: "git" "clone" "/workspace/cache/git-repos/https%3A%2F%2Fgithub.com%2FGromimousse%2Fsnakyduck" "/workspace/builds/worker-7/source", kill_on_drop: false }`
[INFO] [stderr] Cloning into '/workspace/builds/worker-7/source'...
[INFO] [stderr] done.
[INFO] validating manifest of git repo https://github.com/Gromimousse/snakyduck on toolchain 881c1ac408d93bb7adaa3a51dabab9266e82eee8
[INFO] running `Command { std: "/workspace/cargo-home/bin/cargo" "+881c1ac408d93bb7adaa3a51dabab9266e82eee8" "metadata" "--manifest-path" "Cargo.toml" "--no-deps", kill_on_drop: false }`
[INFO] started tweaking git repo https://github.com/Gromimousse/snakyduck
[INFO] finished tweaking git repo https://github.com/Gromimousse/snakyduck
[INFO] tweaked toml for git repo https://github.com/Gromimousse/snakyduck written to /workspace/builds/worker-7/source/Cargo.toml
[INFO] crate git repo https://github.com/Gromimousse/snakyduck already has a lockfile, it will not be regenerated
[INFO] running `Command { std: "/workspace/cargo-home/bin/cargo" "+881c1ac408d93bb7adaa3a51dabab9266e82eee8" "fetch" "--manifest-path" "Cargo.toml", kill_on_drop: false }`
[INFO] [stderr]     Blocking waiting for file lock on package cache
[INFO] [stderr]  Downloading crates ...
[INFO] [stderr]   Downloaded ncurses v5.98.0
[INFO] [stderr]   Downloaded libc v0.2.46
[INFO] [stderr]   Downloaded rand v0.4.5
[INFO] running `Command { std: "docker" "create" "-v" "/var/lib/crater-agent-workspace/builds/worker-7/target:/opt/rustwide/target:rw,Z" "-v" "/var/lib/crater-agent-workspace/builds/worker-7/source:/opt/rustwide/workdir:ro,Z" "-v" "/var/lib/crater-agent-workspace/cargo-home:/opt/rustwide/cargo-home:ro,Z" "-v" "/var/lib/crater-agent-workspace/rustup-home:/opt/rustwide/rustup-home:ro,Z" "-e" "SOURCE_DIR=/opt/rustwide/workdir" "-e" "CARGO_TARGET_DIR=/opt/rustwide/target" "-e" "CARGO_HOME=/opt/rustwide/cargo-home" "-e" "RUSTUP_HOME=/opt/rustwide/rustup-home" "-w" "/opt/rustwide/workdir" "-m" "1610612736" "--user" "0:0" "--network" "none" "ghcr.io/rust-lang/crates-build-env/linux@sha256:20528e8c29e4536546f0102ce88568b16ea7538393a33fcca951030f7af10457" "/opt/rustwide/cargo-home/bin/cargo" "+881c1ac408d93bb7adaa3a51dabab9266e82eee8" "metadata" "--no-deps" "--format-version=1", kill_on_drop: false }`
[INFO] [stdout] 7893a49ed3b96f6eabba54a9da56e798afee0371481e5aba404d7d7cb5d80a1f
[INFO] [stderr] WARNING: Your kernel does not support swap limit capabilities or the cgroup is not mounted. Memory limited without swap.
[INFO] running `Command { std: "docker" "start" "-a" "7893a49ed3b96f6eabba54a9da56e798afee0371481e5aba404d7d7cb5d80a1f", kill_on_drop: false }`
[INFO] running `Command { std: "docker" "inspect" "7893a49ed3b96f6eabba54a9da56e798afee0371481e5aba404d7d7cb5d80a1f", kill_on_drop: false }`
[INFO] running `Command { std: "docker" "rm" "-f" "7893a49ed3b96f6eabba54a9da56e798afee0371481e5aba404d7d7cb5d80a1f", kill_on_drop: false }`
[INFO] [stdout] 7893a49ed3b96f6eabba54a9da56e798afee0371481e5aba404d7d7cb5d80a1f
[INFO] running `Command { std: "docker" "create" "-v" "/var/lib/crater-agent-workspace/builds/worker-7/target:/opt/rustwide/target:rw,Z" "-v" "/var/lib/crater-agent-workspace/builds/worker-7/source:/opt/rustwide/workdir:ro,Z" "-v" "/var/lib/crater-agent-workspace/cargo-home:/opt/rustwide/cargo-home:ro,Z" "-v" "/var/lib/crater-agent-workspace/rustup-home:/opt/rustwide/rustup-home:ro,Z" "-e" "SOURCE_DIR=/opt/rustwide/workdir" "-e" "CARGO_TARGET_DIR=/opt/rustwide/target" "-e" "CARGO_INCREMENTAL=0" "-e" "RUST_BACKTRACE=full" "-e" "RUSTFLAGS=--cap-lints=forbid" "-e" "CARGO_HOME=/opt/rustwide/cargo-home" "-e" "RUSTUP_HOME=/opt/rustwide/rustup-home" "-w" "/opt/rustwide/workdir" "-m" "1610612736" "--user" "0:0" "--network" "none" "ghcr.io/rust-lang/crates-build-env/linux@sha256:20528e8c29e4536546f0102ce88568b16ea7538393a33fcca951030f7af10457" "/opt/rustwide/cargo-home/bin/cargo" "+881c1ac408d93bb7adaa3a51dabab9266e82eee8" "build" "--frozen" "--message-format=json", kill_on_drop: false }`
[INFO] [stdout] 7d4a6c78b88050a0528a9cde91ef6dca77b69cd279a7f583bf752f00b2b89f5d
[INFO] [stderr] WARNING: Your kernel does not support swap limit capabilities or the cgroup is not mounted. Memory limited without swap.
[INFO] running `Command { std: "docker" "start" "-a" "7d4a6c78b88050a0528a9cde91ef6dca77b69cd279a7f583bf752f00b2b89f5d", kill_on_drop: false }`
[INFO] [stderr]    Compiling libc v0.2.46
[INFO] [stderr]    Compiling pkg-config v0.3.14
[INFO] [stderr]    Compiling ncurses v5.98.0
[INFO] [stderr]    Compiling rand v0.4.5
[INFO] [stderr]    Compiling rand v0.3.22
[INFO] [stderr]    Compiling snakyduck v0.1.0 (/opt/rustwide/workdir)
[INFO] [stdout] error[E0308]: mismatched types
[INFO] [stdout]   --> src/game.rs:88:39
[INFO] [stdout]    |
[INFO] [stdout] 88 |         mvwaddch(win, self.y, self.x, ch);
[INFO] [stdout]    |                                       ^^ expected `u32`, found `u64`
[INFO] [stdout]    |
[INFO] [stdout] help: you can convert a `u64` to a `u32` and panic if the converted value doesn't fit
[INFO] [stdout]    |
[INFO] [stdout] 88 |         mvwaddch(win, self.y, self.x, ch.try_into().unwrap());
[INFO] [stdout]    |                                       ^^^^^^^^^^^^^^^^^^^^^^
[INFO] [stdout] 
[INFO] [stdout] 
[INFO] [stdout] error[E0308]: mismatched types
[INFO] [stdout]    --> src/game.rs:254:55
[INFO] [stdout]     |
[INFO] [stdout] 254 |         mvwaddch(win, self.body[0].y, self.body[0].x, head);
[INFO] [stdout]     |                                                       ^^^^ expected `u32`, found `u64`
[INFO] [stdout]     |
[INFO] [stdout] help: you can convert a `u64` to a `u32` and panic if the converted value doesn't fit
[INFO] [stdout]     |
[INFO] [stdout] 254 |         mvwaddch(win, self.body[0].y, self.body[0].x, head.try_into().unwrap());
[INFO] [stdout]     |                                                       ^^^^^^^^^^^^^^^^^^^^^^^^
[INFO] [stdout] 
[INFO] [stdout] 
[INFO] [stdout] error[E0308]: mismatched types
[INFO] [stdout]    --> src/game.rs:256:45
[INFO] [stdout]     |
[INFO] [stdout] 256 |             mvwaddch(win, block.y, block.x, body);
[INFO] [stdout]     |                                             ^^^^ expected `u32`, found `u64`
[INFO] [stdout]     |
[INFO] [stdout] help: you can convert a `u64` to a `u32` and panic if the converted value doesn't fit
[INFO] [stdout]     |
[INFO] [stdout] 256 |             mvwaddch(win, block.y, block.x, body.try_into().unwrap());
[INFO] [stdout]     |                                             ^^^^^^^^^^^^^^^^^^^^^^^^
[INFO] [stdout] 
[INFO] [stdout] 
[INFO] [stdout] error[E0308]: mismatched types
[INFO] [stdout]    --> src/game.rs:262:45
[INFO] [stdout]     |
[INFO] [stdout] 262 |             mvwaddch(win, block.y, block.x, ' ' as u64);
[INFO] [stdout]     |                                             ^^^^^^^^^^ expected `u32`, found `u64`
[INFO] [stdout]     |
[INFO] [stdout] help: you can convert a `u64` to a `u32` and panic if the converted value doesn't fit
[INFO] [stdout]     |
[INFO] [stdout] 262 |             mvwaddch(win, block.y, block.x, (' ' as u64).try_into().unwrap());
[INFO] [stdout]     |                                             ^^^^^^^^^^^^^^^^^^^^^^^^^^^^^^^^
[INFO] [stdout] 
[INFO] [stdout] 
[INFO] [stdout] error: aborting due to 4 previous errors
[INFO] [stdout] 
[INFO] [stdout] 
[INFO] [stdout] For more information about this error, try `rustc --explain E0308`.
[INFO] [stdout] 
[INFO] [stderr] error: could not compile `snakyduck`
[INFO] [stderr] 
[INFO] [stderr] To learn more, run the command again with --verbose.
[INFO] running `Command { std: "docker" "inspect" "7d4a6c78b88050a0528a9cde91ef6dca77b69cd279a7f583bf752f00b2b89f5d", kill_on_drop: false }`
[INFO] running `Command { std: "docker" "rm" "-f" "7d4a6c78b88050a0528a9cde91ef6dca77b69cd279a7f583bf752f00b2b89f5d", kill_on_drop: false }`
[INFO] [stdout] 7d4a6c78b88050a0528a9cde91ef6dca77b69cd279a7f583bf752f00b2b89f5d
